u(-4). Let w = t - 6. Let j(l) = 5*l. Is j(w) a multiple of 4?
False
Suppose 0*s - 2*o = -2*s + 66, -3*s + 97 = -2*o. Does 9 divide s?
False
Let z(b) = b**3 + 5*b**2 - 9*b - 9. Does 4 divide z(-6)?
False
Suppose 4*s = 5*r + 244, -3*s + 5*r + 186 = 2*r. Is 11 a factor of s?
True
Suppose -5*g + 0 + 25 = 0. Suppose g = -5*x + 40. Is x a multiple of 2?
False
Let z(u) = 42*u**3 + u - 1. Let w be z(1). Suppose -k = -5*a - w, 0 = a - 5*k + 2*k. Let d(m) = -m**2 - 15*m - 7. Is d(a) a multiple of 15?
False
Is 10 a factor of 24/84 - (-556)/14?
True
Suppose -h - 12 = 5*n, -h - 3*n - 16 = 4*h. Let f = h - -4. Suppose f*u = -3*y + 57, -2*u + 93 = 5*y + 2*u. Is y a multiple of 8?
False
Suppose -415 - 476 = -9*g. Does 33 divide g?
True
Suppose -1 = g - 7. Let w be 12*1 - (-4 + g). Suppose n - w - 4 = 0. Is 7 a factor of n?
True
Suppose 0 = -3*m - 193 + 67. Let v = -24 - m. Is 5 a factor of v?
False
Suppose o - 6*o - 125 = 0. Is 7 a factor of (8/10)/((-2)/o)?
False
Suppose 0 = -3*y + 7*y + u - 133, -y + 37 = -u. Does 7 divide y?
False
Suppose -11 - 19 = -q. Is 15 a factor of q?
True
Suppose -3*c - 3*s + 144 = c, -5*c - 5*s = -175. Let j = c + -9. Is j a multiple of 15?
True
Suppose -176 = -2*w + r + 942, -4*w + 2246 = 3*r. Suppose 5*v - w = 4*y, -452 = -4*v + 4*y - 0*y. Suppose 0*l - 4*l = -v. Is l a multiple of 10?
False
Suppose -106 = -2*w - 38. Is w a multiple of 21?
False
Is 26/8 + (-36)/(-48) a multiple of 3?
False
Let p = 7 + 3. Is 5 a factor of p?
True
Let u(d) be the second derivative of d**5/20 - d**4/3 - d**3/2 - 3*d**2 + d. Let r be u(5). Suppose -2*i - 8 = -3*t, t + 20 = 4*t + r*i. Is 4 a factor of t?
True
Let u = 40 + 8. Is u a multiple of 12?
True
Suppose 14 = -4*r + 78. Is 4 a factor of r?
True
Suppose 355 = 4*x - 5*t, -5*x - 2*t = 2*t - 454. Is x a multiple of 9?
True
Suppose 3*f = b - 3, 7*b + 5 = 4*b + 2*f. Let j be (-120)/b + 1 + -3. Is 10 a factor of (j/3)/(2/3)?
False
Let d = 1841 - 1273. Is 16 a factor of d/10 + 4/20?
False
Let y be (0 - -7)/(2/(-2)). Let j be -1 - 1*y*1. Suppose -204 = -j*h + 3*h. Is 23 a factor of h?
False
Suppose -2*a - 5 = -b, -3*a - 6*b = -b - 25. Suppose a = x - 3 - 17. Is x a multiple of 20?
True
Let i(q) = -q - 5. Let x be i(-7). Suppose -g + 4*v = -30, 112 = 5*g - x*v + v. Is g a multiple of 11?
True
Does 19 divide 2722/18 - (1 - (-28)/(-36))?
False
Let k = 24 - 10. Let m = k + -10. Suppose 5*f + 5*x = 185, 0*f - m*f + 154 = 2*x. Is f a multiple of 20?
True
Suppose -5*h + 2*p + 591 = 5*p, h = -5*p + 105. Is 24 a factor of h?
True
Suppose -5*q - 188 - 67 = 0. Let t = -4 - q. Is t a multiple of 23?
False
Let h(o) = -5*o - 1. Let q be h(-1). Suppose p - 2*m = 3, -q*p + 4 = 5*m - 8. Is p a multiple of 3?
True
Let u be 4/(-3)*84/8. Is ((-135)/(-6))/(-5)*u a multiple of 19?
False
Let b(h) = -h. Let o be b(-3). Suppose 2*l = l + o. Let k(z) = 3*z**2 + z - 4. Is k(l) a multiple of 13?
True
Suppose 5*q = -2*p + p + 25, 0 = -4*p - 2*q + 28. Suppose 3*h + u = 9, -5*h + p*u + 12 = -h. Suppose -3*n = -4*a - 96, -h*a = -3*n + 81 + 15. Does 16 divide n?
True
Is 2 - ((4 - 6) + -10) a multiple of 9?
False
Suppose -4*l + 63 = -l. Is 5 a factor of l?
False
Let o = 13 + -8. Suppose -42 = -o*h - p, -2*h + 1 = 2*p - 19. Is 3 a factor of h?
False
Let q = 3 - 3. Let j be q/(2/2) + 3. Suppose 0 = y - 31 + j. Is y a multiple of 14?
True
Suppose -149 = -v + 109. Does 29 divide v?
False
Let z be (-5464)/(-14) - 14/49. Let b be (20/(-25))/((-4)/z). Suppose -5*u + b = -202. Is u a multiple of 16?
False
Suppose 3*w - w = -o - 40, 2*w + 120 = -3*o. Let r = o + 82. Is 18 a factor of r?
False
Suppose 3*c + i = 135, c + 6*i - 59 = i. Is 4 a factor of c?
True
Let r(s) be the first derivative of s**3/3 - 3*s**2/2 + 2*s - 1. Let o be r(2). Suppose -5*z + 35 = -5*v - o*v, 1 = v. Does 4 divide z?
True
Suppose 3*y - 365 = 103. Is y a multiple of 26?
True
Let g(p) = -2 - p**3 - 3*p + 2 - 4*p**2 + 4. Is g(-5) a multiple of 22?
True
Let p = -4 - 5. Let s(n) = -n**3 - 10*n**2 - 8*n + 3. Let y be s(p). Let v(t) = -t + 4. Is 5 a factor of v(y)?
True
Suppose 0 = 4*z + 4*o + 52, 5*z - 3*z - 2*o = -6. Let v = -4 - z. Suppose -l + 2 = -v. Does 3 divide l?
True
Let q = -259 + 449. Suppose -n + 3 = 0, -3*r - 2*r + 5*n + q = 0. Is r a multiple of 11?
False
Suppose 0 = 5*u - 104 - 71. Let o = u + 3. Does 14 divide o?
False
Let d(f) = f**2 - 4*f + 2. Let u be d(4). Is 4 a factor of ((-3)/6)/(u/(-44))?
False
Suppose 0 = -8*m + 45 + 603. Is 27 a factor of m?
True
Let l = -128 - -184. Is l a multiple of 8?
True
Let z(x) = 2 + 5*x**2 - 3*x + 8*x**2 - 12*x**2. Does 20 divide z(-3)?
True
Is 14 a factor of (-26)/(-6)*(17 - 2)?
False
Is 69 - (-16)/(-1 - 3) a multiple of 12?
False
Let p = 0 + -6. Let t be (p/(-10))/((-2)/(-10)). Suppose t*k + 4*d = k - 8, 3*k = 3*d + 33. Is k a multiple of 3?
True
Suppose 2*x = -8, -4*n + 2*x + 88 = -184. Is n a multiple of 12?
False
Suppose 0 = 4*y + 3*g - 158, 3*y - 3*g - 124 = -8*g. Suppose -6 = o - l - y, 0 = -2*o + l + 62. Let s = 50 - o. Is 10 a factor of s?
True
Let w(y) = -y**2 - 8*y + 12. Let s be w(-9). Suppose -s*q - 5 = 2*q. Let j = 14 - q. Is j a multiple of 5?
True
Let p(k) = -78*k. Let f be p(-1). Is 8/12*f/4 a multiple of 6?
False
Let c = -10 - -32. Does 6 divide c?
False
Suppose i - 9*i = -824. Does 30 divide i?
False
Let x(f) = f**2 + 6*f - 4. Let v be x(-7). Suppose v*p = 29 + 37. Is p a multiple of 6?
False
Let i(h) be the second derivative of 1/6*h**4 + h**3 + h + 5/2*h**2 + 0. Is i(-4) a multiple of 13?
True
Let m(r) = 11 - 4 + r + 0*r. Does 9 divide m(5)?
False
Let f(a) = a**3 + 9*a**2 + 3*a + 13. Let c be f(-9). Let r = c + 21. Let h(k) = 2*k. Is h(r) a multiple of 7?
True
Suppose -5 = -2*x + 1. Suppose -5*w = -s - 93, -x*w = s + 3*s - 42. Is w a multiple of 9?
True
Suppose -2*d + 6 = -d. Let h = d - 0. Is h a multiple of 6?
True
Let q = 18 + -21. Is 13 a factor of q + 55 + -2 - -2?
True
Let a(r) = r**3 - 7*r**2 + 3*r - 1. Does 10 divide a(7)?
True
Let f(q) = -q**2 + 5*q. Let a be f(4). Suppose -216 = -a*h + h. Is 18 a factor of 1/(-2)*(-2 - h)?
False
Suppose -2*n + 4*t + 28 = 0, -4*t + 116 = 4*n - 0*n. Is n a multiple of 17?
False
Let d be (-3)/9 - 217/(-3). Suppose 0*k - d = -2*k. Is 18 a factor of k?
True
Suppose 0 = -3*o + 3*l - 264, -o + 5*l - 36 - 32 = 0. Let j = 49 + o. Is 5 a factor of (-448)/j + (-2)/11?
True
Let v(k) = k**3 + 6*k**2 + k + 11. Let i be v(-6). Suppose -i*p + 63 + 27 = 0. Is 18 a factor of p?
True
Let y = 5 + 3. Suppose d + y = 3*d. Suppose a = -4*f + 2*a + 70, -d*a + 44 = 2*f. Is f a multiple of 9?
True
Let z(o) be the second derivative of o**3/2 - 6*o**2 - 4*o. Is 4 a factor of z(8)?
True
Let f = 4 + -6. Let j(h) = h**2 + h + 2. Let x be j(f). Suppose -x*p = 4*m - 104, -5*m + p + 3*p + 139 = 0. Does 7 divide m?
False
Suppose -7 + 23 = -2*w. Let c be (w/(-4))/((-2)/(-12)). Is 6 a factor of (-2)/(-8) - (-117)/c?
False
Suppose 0 = 3*d - 15, 0*k + k = 3*d + 10. Is 5 a factor of k?
True
Suppose 2*m - 10 = -2. Suppose -3*x - m*d = x - 80, -2*d = -2*x + 32. Is x a multiple of 9?
True
Let k be 4/(-10) - 44/(-10). Suppose 0 = -0*v + v + k*j - 15, -j + 135 = 4*v. Is 19 a factor of v?
False
Let i(n) be the second derivative of -n**3/6 + n**2 + 2*n. Let x be i(-2). Suppose 2*m = x*a - 32 + 88, 0 = -3*m - a + 56. Is 10 a factor of m?
True
Let q = 71 - 45. Is q a multiple of 13?
True
Suppose 3*j - 56 = -4*a, 2*j + 5*a - 56 + 21 = 0. Suppose j = -b + 2*b. Is 7 a factor of b?
False
Suppose 12 = -0*g - 2*g. Let s be 206/6 + (-4)/g. Suppose -4*t = -u - 71, 2*t = -3*u + s + 18. Does 14 divide t?
False
Suppose 0*w + 6 = -3*w. Let f(v) = -v**3 - 3*v**2 + 2*v + 2. Let t be f(w). Does 16 divide 1/t + (-1729)/(-42)?
False
Let n(p) = p**2 - 6*p - 2. Let s be n(7). Suppose 0 = s*x - 0*x - 235. Let l = 85 - x. Is l a multiple of 16?
False
Let s be (3 + -2)*(2 - 1). Let q = 6 - s. Is q even?
False
Let x(p) = 0*p**2 + 2*p - 7 - 4*p**2 - 3*p**2 + p**3 + p. Does 6 divide x(7)?
False
Does 16 divide (12/(-3) - 0) + 116?
True
Let x = 227 + 143. Does 37 divide x?
True
Let q(x) = x. Let t be q(4). Suppose 3*v = c + c + 20, -t*v + 3*c + 27 = 0. Suppose f + f = v. Is f a multiple of 2?
False
Suppose -55 - 9 = -2*b - 2*v, 2*v = 4*b - 104. Is 11 a factor of b?
False
Let x(l) = 4*l**2 - 2*l + 1. Is x(4) a multiple of 19?
True
Le